499
What are the prime factors of 2226098?
2, 7, 29, 5483
What are the prime factors of 881384?
2, 7, 15739
List the prime factors of 52055.
5, 29, 359
What are the prime factors of 42529?
71, 599
What are the prime factors of 60195?
3, 5, 4013
List the prime factors of 6948758.
2, 887, 3917
What are the prime factors of 614540?
2, 5, 30727
What are the prime factors of 8135418?
2, 3, 17, 47, 1697
List the prime factors of 290323.
11, 26393
List the prime factors of 837186.
2, 3, 7, 31, 643
What are the prime factors of 640944?
2, 3, 4451
What are the prime factors of 121269?
3, 40423
What are the prime factors of 17538459?
3, 5846153
What are the prime factors of 5344301?
19, 281279
What are the prime factors of 14054364?
2, 3, 179, 727
List the prime factors of 1214069.
389, 3121
List the prime factors of 8208693.
3, 53, 17209
List the prime factors of 119464.
2, 109, 137
What are the prime factors of 1340473?
37, 36229
List the prime factors of 114385.
5, 22877
List the prime factors of 5531631.
3, 7, 263411
What are the prime factors of 129334?
2, 64667
What are the prime factors of 702583?
7, 29, 3461
What are the prime factors of 1060163?
13, 81551
What are the prime factors of 10963538?
2, 17, 43, 7499
What are the prime factors of 395971?
395971
List the prime factors of 22138686.
2, 3, 19, 3407
List the prime factors of 17907759.
3, 1229, 1619
What are the prime factors of 4978446?
2, 3, 11, 75431
What are the prime factors of 660502?
2, 131, 2521
What are the prime factors of 89187?
3, 7, 31, 137
List the prime factors of 300125.
5, 7
What are the prime factors of 12318024?
2, 3, 337, 1523
List the prime factors of 919885.
5, 19, 23, 421
List the prime factors of 7562784.
2, 3, 78779
List the prime factors of 467789.
7, 17, 3931
What are the prime factors of 3302757?
3, 366973
What are the prime factors of 15084?
2, 3, 419
List the prime factors of 1983763.
1983763
List the prime factors of 1660772.
2, 29, 103, 139
List the prime factors of 4776582.
2, 3, 41, 19417
What are the prime factors of 46098?
2, 3, 13, 197
List the prime factors of 202024.
2, 25253
What are the prime factors of 351997?
131, 2687
What are the prime factors of 6913002?
2, 3, 53, 21739
List the prime factors of 3072609.
3, 197, 1733
What are the prime factors of 22699021?
1907, 11903
What are the prime factors of 2358963?
3, 29123
List the prime factors of 392948.
2, 193, 509
List the prime factors of 801397.
17, 47, 59
List the prime factors of 409563.
3, 7, 11, 197
List the prime factors of 77173.
229, 337
What are the prime factors of 400217?
400217
List the prime factors of 472938.
2, 3, 78823
What are the prime factors of 482401?
482401
List the prime factors of 4033767.
3, 1344589
List the prime factors of 28766000.
2, 5, 19, 757
List the prime factors of 11445770.
2, 5, 7, 113, 1447
List the prime factors of 86724.
2, 3, 11, 73
What are the prime factors of 481443?
3, 160481
List the prime factors of 18245153.
18245153
List the prime factors of 4604995.
5, 920999
What are the prime factors of 341675?
5, 79, 173
What are the prime factors of 459207?
3, 7, 37, 197
What are the prime factors of 2051660?
2, 5, 13, 607
What are the prime factors of 2842280?
2, 5, 7, 10151
What are the prime factors of 1438070?
2, 5, 143807
List the prime factors of 1146740.
2, 5, 7, 8191
What are the prime factors of 1449987?
3, 7, 11, 6277
What are the prime factors of 6431?
59, 109
List the prime factors of 8066144.
2, 443, 569
List the prime factors of 9679451.
2657, 3643
What are the prime factors of 2970398?
2, 1485199
List the prime factors of 180734.
2, 23, 3929
What are the prime factors of 4126740?
2, 3, 5, 109, 631
List the prime factors of 450060.
2, 3, 5, 13, 577
What are the prime factors of 149994?
2, 3, 13, 641
What are the prime factors of 3033827?
67, 45281
What are the prime factors of 2907168?
2, 3, 11, 2753
List the prime factors of 14121489.
3, 179, 26297
List the prime factors of 19835397.
3, 2203933
What are the prime factors of 8043452?
2, 593, 3391
List the prime factors of 609615.
3, 5, 19, 23, 31
What are the prime factors of 36667667?
223, 164429
List the prime factors of 219596.
2, 13, 41, 103
List the prime factors of 1687868.
2, 7, 13, 4637
What are the prime factors of 22833103?
71, 321593
List the prime factors of 7974706.
2, 3987353
List the prime factors of 8352172.
2, 19, 109897
List the prime factors of 2495986.
2, 157, 7949
List the prime factors of 49826.
2, 7, 3559
List the prime factors of 1631605.
5, 47, 53, 131
List the prime factors of 1467559.
17, 173, 499
List the prime factors of 850322.
2, 11, 38651
What are the prime factors of 24612887?
13, 1893299
What are the prime factors of 2372349?
3, 7, 173, 653
List the prime factors of 1194815.
5, 19, 12577
List the prime factors of 4125427.
4125427
List the prime factors of 1076818.
2, 607, 887
List the prime factors of 3482415.
3, 5, 19, 4073
What are the prime factors of 4012075?
5, 160483
What are the prime factors of 479802?
2, 3, 79967
List the prime factors of 5440570.
2, 5, 89, 6113
List the prime factors of 20215899.
3, 11, 2521
What are the prime factors of 29707?
61, 487
List the prime factors of 20463709.
7, 2923387
What are the prime factors of 264568?
2, 33071
What are the prime factors of 975750?
2, 3, 5, 1301
List the prime factors of 233512.
2, 17, 101
List the prime factors of 171691.
13, 47, 281
What are the prime factors of 1990267?
37, 53791
What are the prime factors of 9783?
3, 1087
What are the prime factors of 503194?
2, 23, 10939
What are the prime factors of 6295280?
2, 5, 78691
What are the prime factors of 7203803?
29, 248407
What are the prime factors of 1621663?
113, 127
What are the prime factors of 4190091?
3, 1396697
List the prime factors of 774980.
2, 5, 38749
What are the prime factors of 2462185?
5, 11, 89, 503
List the prime factors of 239410.
2, 5, 89, 269
List the prime factors of 326919.
3, 59, 1847
List the prime factors of 20839867.
20839867
List the prime factors of 653181.
3, 217727
What are the prime factors of 1290719?
1290719
List the prime factors of 27029.
151, 179
List the prime factors of 13025637.
3, 613, 787
What are the prime factors of 744?
2, 3, 31
What are the prime factors of 4267113?
3, 83, 17137
List the prime factors of 727261.
727261
What are the prime factors of 23404644?
2, 3, 271, 2399
What are the prime factors of 850433?
850433
What are the prime factors of 30599?
37, 827
List the prime factors of 3891168.
2, 3, 59, 229
List the prime factors of 1769081.
37, 137, 349
List the prime factors of 63676.
2, 15919
List the prime factors of 5613091.
11, 43, 11867
List the prime factors of 1419748.
2, 11, 41, 787
List the prime factors of 2420267.
23, 105229
What are the prime factors of 104605?
5, 20921
List the prime factors of 559964.
2, 139991
What are the prime factors of 277438?
2, 7, 19, 149
What are the prime factors of 1343486?
2, 671743
What are the prime factors of 1299337?
13, 127, 787
What are the prime factors of 16232581?
389, 41729
List the prime factors of 3639871.
1283, 2837
List the prime factors of 816184.
2, 102023
What are the prime factors of 26507?
13, 2039
List the prime factors of 102011.
7, 13, 19, 59
What are the prime factors of 348931?
11, 31721
What are the prime factors of 1880339?
1880339
List the prime factors of 2021674.
2, 17, 97, 613
List the prime factors of 175604.
2, 11, 13, 307
List the prime factors of 217962.
2, 3, 12109
What are the prime factors of 1017814?
2, 7, 72701
List the prime factors of 932046.
2, 3, 31, 5011
What are the prime factors of 39339203?
39339203
List the prime factors of 5331834.
2, 3, 296213
What are the prime factors of 4169202?
2, 3, 694867
What are the prime factors of 10024648?
2, 1013, 1237
List the prime factors of 9213063.
3, 3071021
List the prime factors of 96985.
5, 7, 17, 163
List the prime factors of 25500.
2, 3, 5, 17
List the prime factors of 11378999.
2663, 4273
What are the prime factors of 139417?
17, 59, 139
What are the prime factors of 255340?
2, 5, 17, 751
What are the prime factors of 483759?
3, 19, 23, 41
What are the prime factors of 11920389?
3, 13, 53, 73, 79
List the prime factors of 3639383.
11, 330853
List the prime factors of 